{"id":1323,"date":"2024-09-20T09:19:23","date_gmt":"2024-09-20T07:19:23","guid":{"rendered":"https:\/\/comprensivotortonaa.it\/site\/?page_id=1323"},"modified":"2024-09-20T09:19:42","modified_gmt":"2024-09-20T07:19:42","slug":"dichiarazione-di-accessibilita","status":"publish","type":"page","link":"https:\/\/comprensivotortonaa.it\/site\/legale\/dichiarazione-di-accessibilita\/","title":{"rendered":"Dichiarazione di Accessibilit\u00e0"},"content":{"rendered":"<p><strong>Obiettivi di accessibilit\u00e0<\/strong><\/p>\n<p><a href=\"https:\/\/accessibilita.agid.gov.it\/obiettivi-accessibilita\/2021\/istituto-comprensivo-tortona-istituto-comprensiv\/120043\">Link 2021<\/a><\/p>\n<p><a href=\"https:\/\/accessibilita.agid.gov.it\/obiettivi-accessibilita\/2020\/istituto-comprensivo-tortona-istituto-comprensiv\/111327\">Link 2020<\/a><\/p>\n<p><strong>Requisiti tecnici di accessibilit\u00e0<\/strong><\/p>\n<p>Il sito web \u00e8 conforme ai seguenti requisiti per la valutazione dell\u2019accessibilit\u00e0 previsti dall\u2019<a href=\"http:\/\/www.gazzettaufficiale.it\/eli\/id\/2013\/09\/16\/13A07492\/sg\">Allegato A del Decreto 20 marzo 2013<\/a><\/p>\n\n<table id=\"tablepress-1\" class=\"tablepress tablepress-id-1\">\n<thead>\n<tr class=\"row-1\">\n\t<th class=\"column-1\">Requisito<\/th><th class=\"column-2\">Enunciato<\/th><th class=\"column-3\">Soddisfatto<\/th>\n<\/tr>\n<\/thead>\n<tbody class=\"row-striping row-hover\">\n<tr class=\"row-2\">\n\t<td class=\"column-1\">1<\/td><td class=\"column-2\">Alternative testuali: fornire alternative testuali per qualsiasi contenuto di natura non testuale in modo che il testo predisposto come alternativa possa essere fruito e trasformato secondo le necessit\u00e0 degli utenti, come per esempio convertito in stampa a caratteri ingranditi, in stampa Braille, letto da una sintesi vocale, simboli o altra modalit\u00e0 di rappresentazione del contenuto.<\/td><td class=\"column-3\">S\u00ec<\/td>\n<\/tr>\n<tr class=\"row-3\">\n\t<td class=\"column-1\">2<\/td><td class=\"column-2\">Contenuti audio, contenuti video, animazioni: fornire alternative testuali equivalenti per le informazioni veicolate da formati audio, formati video, formati contenenti immagini animate (animazioni), formati multisensoriali in genere.<br \/>\nNote: il sito non fornisce informazioni tramite contenuti audio, video, animazioni.<\/td><td class=\"column-3\">S\u00ec<\/td>\n<\/tr>\n<tr class=\"row-4\">\n\t<td class=\"column-1\">3<\/td><td class=\"column-2\">Adattabile: creare contenuti che possano essere presentati in modalit\u00e0 differenti (ad esempio, con layout pi\u00f9 semplici), senza perdita di informazioni o struttura.<\/td><td class=\"column-3\">S\u00ec<\/td>\n<\/tr>\n<tr class=\"row-5\">\n\t<td class=\"column-1\">4<\/td><td class=\"column-2\">Distinguibile: rendere pi\u00f9 semplice agli utenti la visione e l\u2019ascolto dei contenuti, separando i contenuti in primo piano dallo sfondo.<\/td><td class=\"column-3\">S\u00ec<\/td>\n<\/tr>\n<tr class=\"row-6\">\n\t<td class=\"column-1\">5<\/td><td class=\"column-2\">Accessibile da tastiera: rendere disponibili tutte le funzionalit\u00e0 anche tramite tastiera.<\/td><td class=\"column-3\">S\u00ec<\/td>\n<\/tr>\n<tr class=\"row-7\">\n\t<td class=\"column-1\">6<\/td><td class=\"column-2\">Adeguata disponibilit\u00e0 di tempo: fornire all\u2019utente tempo sufficiente per leggere ed utilizzare i contenuti.<\/td><td class=\"column-3\">S\u00ec<\/td>\n<\/tr>\n<tr class=\"row-8\">\n\t<td class=\"column-1\">7<\/td><td class=\"column-2\">Crisi epilettiche: non sviluppare contenuti che possano causare crisi epilettiche.<\/td><td class=\"column-3\">S\u00ec<\/td>\n<\/tr>\n<tr class=\"row-9\">\n\t<td class=\"column-1\">8<\/td><td class=\"column-2\">Navigabile: fornire all\u2019utente funzionalit\u00e0 di supporto per navigare, trovare contenuti e determinare la propria posizione nel sito e nelle pagine.<\/td><td class=\"column-3\">S\u00ec<\/td>\n<\/tr>\n<tr class=\"row-10\">\n\t<td class=\"column-1\">9<\/td><td class=\"column-2\">Leggibile: rendere leggibile e comprensibile il contenuto testuale.<\/td><td class=\"column-3\">S\u00ec<\/td>\n<\/tr>\n<tr class=\"row-11\">\n\t<td class=\"column-1\">10<\/td><td class=\"column-2\">Prevedibile: creare pagine web che appaiano e che si comportino in maniera prevedibile.<\/td><td class=\"column-3\">S\u00ec<\/td>\n<\/tr>\n<tr class=\"row-12\">\n\t<td class=\"column-1\">11<\/td><td class=\"column-2\">Assistenza nell\u2019inserimento di dati e informazioni: aiutare l\u2019utente ad evitare gli errori ed agevolarlo nella loro correzione.<\/td><td class=\"column-3\">S\u00ec<\/td>\n<\/tr>\n<tr class=\"row-13\">\n\t<td class=\"column-1\">12<\/td><td class=\"column-2\">Compatibile: garantire la massima compatibilit\u00e0 con i programmi utente e con le tecnologie assistive.<\/td><td class=\"column-3\">S\u00ec<\/td>\n<\/tr>\n<\/tbody>\n<\/table>\n<!-- #tablepress-1 from cache -->\n<p><strong>Feedback di accessibilit\u00e0<\/strong><\/p>\n<p>Rendere accessibile un sito web non \u00e8 un punto d&#8217;arrivo, ma un impegnativo percorso che coinvolge ogni momento della realizzazione, dal progetto alla manutenzione.<\/p>\n<p>Compila il modulo seguente per segnalare problemi di inaccessibilit\u00e0 sulle pagine del sito (il Nominativo e la Email sono campi facoltativi):<\/p>\n\n<div class=\"wpcf7 no-js\" id=\"wpcf7-f740-o1\" lang=\"it-IT\" dir=\"ltr\" data-wpcf7-id=\"740\">\n<div class=\"screen-reader-response\"><p role=\"status\" aria-live=\"polite\" aria-atomic=\"true\"><\/p> <ul><\/ul><\/div>\n<form action=\"\/site\/wp-json\/wp\/v2\/pages\/1323#wpcf7-f740-o1\" method=\"post\" class=\"wpcf7-form init\" aria-label=\"Modulo di contatto\" novalidate=\"novalidate\" data-status=\"init\">\n<fieldset class=\"hidden-fields-container\"><input type=\"hidden\" name=\"_wpcf7\" value=\"740\" \/><input type=\"hidden\" name=\"_wpcf7_version\" value=\"6.1.4\" \/><input type=\"hidden\" name=\"_wpcf7_locale\" value=\"it_IT\" \/><input type=\"hidden\" name=\"_wpcf7_unit_tag\" value=\"wpcf7-f740-o1\" \/><input type=\"hidden\" name=\"_wpcf7_container_post\" value=\"0\" \/><input type=\"hidden\" name=\"_wpcf7_posted_data_hash\" value=\"\" \/>\n<\/fieldset>\n<p><label> Problemi e suggerimenti (facoltativo)<br \/>\n<span class=\"wpcf7-form-control-wrap\" data-name=\"suggerimenti\"><textarea cols=\"40\" rows=\"10\" maxlength=\"2000\" class=\"wpcf7-form-control wpcf7-textarea wpcf7-validates-as-required\" aria-required=\"true\" aria-invalid=\"false\" name=\"suggerimenti\"><\/textarea><\/span> <\/label>\n<\/p>\n<p><label> Nome e Cognome<br \/>\n<span class=\"wpcf7-form-control-wrap\" data-name=\"your-name\"><input size=\"40\" maxlength=\"400\" class=\"wpcf7-form-control wpcf7-text\" autocomplete=\"name\" aria-invalid=\"false\" value=\"\" type=\"text\" name=\"your-name\" \/><\/span> <\/label>\n<\/p>\n<p><label> Email<br \/>\n<span class=\"wpcf7-form-control-wrap\" data-name=\"your-email\"><input size=\"40\" maxlength=\"400\" class=\"wpcf7-form-control wpcf7-email wpcf7-validates-as-required wpcf7-text wpcf7-validates-as-email\" autocomplete=\"email\" aria-required=\"true\" aria-invalid=\"false\" value=\"\" type=\"email\" name=\"your-email\" \/><\/span> <\/label>\n<\/p>\n<p><input class=\"wpcf7-form-control wpcf7-submit has-spinner\" type=\"submit\" value=\"Invia Segnalazione\" \/>\n<\/p>\n<p>Questo modulo utilizza Akismet per ridurre lo spam. <a target=\"_blank\" rel=\"nofollow noopener\" href=\"https:\/\/akismet.com\/privacy\/\">Scopri come vengono elaborati i tuoi dati.<\/a>\n<\/p><p style=\"display: none !important;\" class=\"akismet-fields-container\" data-prefix=\"_wpcf7_ak_\"><label>&#916;<textarea name=\"_wpcf7_ak_hp_textarea\" cols=\"45\" rows=\"8\" maxlength=\"100\"><\/textarea><\/label><input type=\"hidden\" id=\"ak_js_1\" name=\"_wpcf7_ak_js\" value=\"17\"\/><script>document.getElementById( \"ak_js_1\" ).setAttribute( \"value\", ( new Date() ).getTime() );<\/script><\/p><div class=\"wpcf7-response-output\" aria-hidden=\"true\"><\/div>\n<\/form>\n<\/div>\n\n","protected":false},"excerpt":{"rendered":"<p>Obiettivi di accessibilit\u00e0 Link 2021 Link 2020 Requisiti tecnici di accessibilit\u00e0 Il sito web \u00e8 conforme ai seguenti requisiti per la valutazione dell\u2019accessibilit\u00e0 previsti dall\u2019Allegato &#8230; <\/p>\n","protected":false},"author":1,"featured_media":0,"parent":49,"menu_order":0,"comment_status":"closed","ping_status":"closed","template":"page-fullwidth.php","meta":{"footnotes":""},"wf_page_folders":[],"class_list":["post-1323","page","type-page","status-publish","hentry"],"publishpress_future_action":{"enabled":false,"date":"2026-04-26 10:06:35","action":"change-status","newStatus":"draft","terms":[],"taxonomy":"wf_page_folders","extraData":[]},"publishpress_future_workflow_manual_trigger":{"enabledWorkflows":[]},"_links":{"self":[{"href":"https:\/\/comprensivotortonaa.it\/site\/wp-json\/wp\/v2\/pages\/1323","targetHints":{"allow":["GET"]}}],"collection":[{"href":"https:\/\/comprensivotortonaa.it\/site\/wp-json\/wp\/v2\/pages"}],"about":[{"href":"https:\/\/comprensivotortonaa.it\/site\/wp-json\/wp\/v2\/types\/page"}],"author":[{"embeddable":true,"href":"https:\/\/comprensivotortonaa.it\/site\/wp-json\/wp\/v2\/users\/1"}],"replies":[{"embeddable":true,"href":"https:\/\/comprensivotortonaa.it\/site\/wp-json\/wp\/v2\/comments?post=1323"}],"version-history":[{"count":2,"href":"https:\/\/comprensivotortonaa.it\/site\/wp-json\/wp\/v2\/pages\/1323\/revisions"}],"predecessor-version":[{"id":1325,"href":"https:\/\/comprensivotortonaa.it\/site\/wp-json\/wp\/v2\/pages\/1323\/revisions\/1325"}],"up":[{"embeddable":true,"href":"https:\/\/comprensivotortonaa.it\/site\/wp-json\/wp\/v2\/pages\/49"}],"wp:attachment":[{"href":"https:\/\/comprensivotortonaa.it\/site\/wp-json\/wp\/v2\/media?parent=1323"}],"wp:term":[{"taxonomy":"wf_page_folders","embeddable":true,"href":"https:\/\/comprensivotortonaa.it\/site\/wp-json\/wp\/v2\/wf_page_folders?post=1323"}],"curies":[{"name":"wp","href":"https:\/\/api.w.org\/{rel}","templated":true}]}}